{"id":1526,"date":"2020-10-15T18:50:06","date_gmt":"2020-10-15T18:50:06","guid":{"rendered":"https:\/\/die-gruenen-meppen.de\/?page_id=1526"},"modified":"2026-02-13T16:29:42","modified_gmt":"2026-02-13T16:29:42","slug":"emsgruen","status":"publish","type":"page","link":"https:\/\/gruene-emsland-mitte.de\/?page_id=1526","title":{"rendered":"Termine der Gr\u00fcnen Emsland Mitte"},"content":{"rendered":"\n<p><strong>Liebe Gr\u00fcnen-Interessierte. Liebe Mitglieder.<\/strong><br>Herzlich Willkommen auf der Termin-Seite der Gr\u00fcnen Emsland Mitte.<br>Die Gr\u00fcnen Emsland Mitte vereinen die Gr\u00fcnen-Politik f\u00fcr die Kommunen Meppen, Haren, Hasel\u00fcnne, Geeste, Herzlake und Twist.<br><br>Auf dieser Seite m\u00f6chten wir Euch \u00fcber unsere bevorstehenden Termine informieren.<br><\/p>\n\n\n\n<p class=\"has-medium-font-size\"><strong>Termine im 1. Halbjahr 2026:<\/strong><\/p>\n\n\n\n<p>22.01. Empowerment Workshop: Mandat? Na KLar!<\/p>\n\n\n\n<p>24.01. Neujahrsempfang (aufgrund der Wetterverh\u00e4ltnisse verlegt)<\/p>\n\n\n\n<p>12.02. KMV in Papenburg (Einladung vom KV Emsland folgt)<\/p>\n\n\n\n<p>19.02. Neumitgliedertreffen online ab 17.30 Uhr<\/p>\n\n\n\n<p>25.02. OMV in Meppen (Einladung folgt)<\/p>\n\n\n\n<p><\/p>\n\n\n\n<p><\/p>\n\n\n\n<p class=\"has-large-font-size\">____________________________________________<\/p>\n\n\n\n<p><\/p>\n\n\n\n<p>Unsere Info-Zooms f\u00fcr Neumitglieder und f\u00fcr Interessierte aus dem Emsland:<br><br>n\u00e4chster Termin: 19. Februar 2026 ab 17:30 Uhr<\/p>\n\n\n\n<p>Zugangsdaten: <a href=\"https:\/\/meet.gruene.de\/Neumitgliedertreffen-19-02-2026\">https:\/\/meet.gruene.de\/Neumitgliedertreffen-19-02-2026<\/a><br><br>Dauer ca. 45 Minuten. Wir erkl\u00e4ren euch den Aufbau unserer Parteistruktur und wie ihr bei uns aktiv werden k\u00f6nnt. Wir freuen uns auf euch, schreibt uns bei Fragen gern eine E-Mail an: <\/p>\n\n\n\n<p>vorstand@gruene-emsland-mitte.de  <\/p>\n\n\n\n<p> <br>Liebe Gr\u00fc\u00dfe<\/p>\n\n\n\n<p>die AG Neumitglieder<br><br><\/p>\n\n\n\n<p class=\"has-medium-font-size\"><\/p>\n\n\n\n<p class=\"has-medium-font-size\">Jeden ersten Mittwoch im Monat findet in <strong>Meppen <\/strong>um 19:00 das Ortsgruppentreffen statt. Hier k\u00f6nnen auch gerne Interessierte aus Meppen oder aus anderen Gemeinden dazu kommen.<\/p>\n\n\n\n<p class=\"has-medium-font-size\">Zu unregelm\u00e4\u00dfigen Zeiten findet das Ortsgruppentreffen in <strong>Haren <\/strong>statt. <br>(Interessierte d\u00fcrfen sich gerne per Email an haren@emsgruen.de melden, um eine Einladung zur n\u00e4chsten OG Haren zu erhalten).<\/p>\n\n\n\n<p class=\"has-medium-font-size\">Zu unregelm\u00e4\u00dfigen Zeiten findet das Ortsgruppentreffen in <strong>Hasel\u00fcnne <\/strong>statt. <br>(Interessierte d\u00fcrfen sich gerne per Email an m.vdkreeke@gruene-haseluenne.de melden, um eine Einladung zur n\u00e4chsten OG Hasel\u00fcnne zu erhalten).<br><br>Ihr m\u00f6chtet Mitglied werden und habt dazu spezielle Fragen wie z.B. H\u00f6he der Beitr\u00e4ge, zu den Mitgliedsantr\u00e4gen, etc?<br>Schreibt uns an:<br>Mitgliederbeauftragte der Gr\u00fcnen Emsland Mitte:<br>Mimi van de Kreeke<br><a href=\"#\" data-unscramble=\"ed.neppem-eneurg@redeilgtim\">mitglieder@gruene-meppen.de<\/a><\/p>\n\n\n\n<p class=\"has-medium-font-size\">Direktlink zu dieser Seite: <a href=\"http:\/\/termine.emsgruen.de\">http:\/\/termine.emsgruen.de<\/a><br><\/p>\n","protected":false},"excerpt":{"rendered":"<p>Liebe Gr\u00fcnen-Interessierte. Liebe Mitglieder.Herzlich Willkommen auf der Termin-Seite der Gr\u00fcnen Emsland Mitte.Die Gr\u00fcnen Emsland Mitte vereinen die Gr\u00fcnen-Politik f\u00fcr die Kommunen Meppen, Haren, Hasel\u00fcnne, Geeste, Herzlake und Twist. Auf dieser [&hellip;]<\/p>\n","protected":false},"author":9,"featured_media":0,"parent":0,"menu_order":0,"comment_status":"closed","ping_status":"closed","template":"","meta":{"footnotes":""},"class_list":["post-1526","page","type-page","status-publish","hentry"],"_links":{"self":[{"href":"https:\/\/gruene-emsland-mitte.de\/index.php?rest_route=\/wp\/v2\/pages\/1526","targetHints":{"allow":["GET"]}}],"collection":[{"href":"https:\/\/gruene-emsland-mitte.de\/index.php?rest_route=\/wp\/v2\/pages"}],"about":[{"href":"https:\/\/gruene-emsland-mitte.de\/index.php?rest_route=\/wp\/v2\/types\/page"}],"author":[{"embeddable":true,"href":"https:\/\/gruene-emsland-mitte.de\/index.php?rest_route=\/wp\/v2\/users\/9"}],"replies":[{"embeddable":true,"href":"https:\/\/gruene-emsland-mitte.de\/index.php?rest_route=%2Fwp%2Fv2%2Fcomments&post=1526"}],"version-history":[{"count":110,"href":"https:\/\/gruene-emsland-mitte.de\/index.php?rest_route=\/wp\/v2\/pages\/1526\/revisions"}],"predecessor-version":[{"id":3022,"href":"https:\/\/gruene-emsland-mitte.de\/index.php?rest_route=\/wp\/v2\/pages\/1526\/revisions\/3022"}],"wp:attachment":[{"href":"https:\/\/gruene-emsland-mitte.de\/index.php?rest_route=%2Fwp%2Fv2%2Fmedia&parent=1526"}],"curies":[{"name":"wp","href":"https:\/\/api.w.org\/{rel}","templated":true}]}}