{"id":2176,"date":"2021-11-13T16:03:33","date_gmt":"2021-11-13T16:03:33","guid":{"rendered":"https:\/\/gruene-emsland-mitte.de\/?page_id=2176"},"modified":"2024-12-05T13:19:17","modified_gmt":"2024-12-05T13:19:17","slug":"wir-im-stadtrat-meppen","status":"publish","type":"page","link":"https:\/\/gruene-emsland-mitte.de\/?page_id=2176","title":{"rendered":"Wir im Stadtrat Meppen"},"content":{"rendered":"\n<figure class=\"wp-block-table\"><table><tbody><tr><td><img loading=\"lazy\" decoding=\"async\" width=\"600\" height=\"399\" class=\"wp-image-2156\" style=\"width: 150px;  min-width:145px\" src=\"https:\/\/gruene-emsland-mitte.de\/wp-content\/uploads\/2021\/11\/Martin-Tecklenburg_DSC_3586-web-scaled2.jpg\" alt=\"\" srcset=\"https:\/\/gruene-emsland-mitte.de\/wp-content\/uploads\/2021\/11\/Martin-Tecklenburg_DSC_3586-web-scaled2.jpg 600w, https:\/\/gruene-emsland-mitte.de\/wp-content\/uploads\/2021\/11\/Martin-Tecklenburg_DSC_3586-web-scaled2-400x266.jpg 400w, https:\/\/gruene-emsland-mitte.de\/wp-content\/uploads\/2021\/11\/Martin-Tecklenburg_DSC_3586-web-scaled2-150x100.jpg 150w\" sizes=\"auto, (max-width: 600px) 100vw, 600px\" \/><\/td><td>Martin Tecklenburg. Im Meppener Stadtrat seit 2016<br>Stellvertretender B\u00fcrgermeister, Stellvertretender Fraktionsvorsitzender<br>Aussch\u00fcsse: <br>Verwaltungsausschuss, Stadtmarketing, Wirtschaftsf\u00f6rderung und Kultur<br><\/td><\/tr><tr><td><img loading=\"lazy\" decoding=\"async\" width=\"150\" height=\"100\" class=\"wp-image-2157\" style=\"width: 150px;\" src=\"https:\/\/gruene-emsland-mitte.de\/wp-content\/uploads\/2021\/11\/Regina-Sandhaus_DSC_3676-web-scaled2.jpg\" alt=\"\" srcset=\"https:\/\/gruene-emsland-mitte.de\/wp-content\/uploads\/2021\/11\/Regina-Sandhaus_DSC_3676-web-scaled2.jpg 600w, https:\/\/gruene-emsland-mitte.de\/wp-content\/uploads\/2021\/11\/Regina-Sandhaus_DSC_3676-web-scaled2-400x266.jpg 400w, https:\/\/gruene-emsland-mitte.de\/wp-content\/uploads\/2021\/11\/Regina-Sandhaus_DSC_3676-web-scaled2-150x100.jpg 150w\" sizes=\"auto, (max-width: 150px) 100vw, 150px\" \/><\/td><td>Regina Sandhaus. Im Meppener Stadtrat seit 2021<br>Fraktionsvorsitzende<br>Aussch\u00fcsse:<br>Klima und Umweltschutz (Ausschussvorsitzende),Schule und Kita<br><\/td><\/tr><tr><td><img loading=\"lazy\" decoding=\"async\" width=\"150\" height=\"100\" class=\"wp-image-2155\" style=\"width: 150px;\" src=\"https:\/\/gruene-emsland-mitte.de\/wp-content\/uploads\/2021\/11\/Hermann-Sievers_DSC_3348-web-scaled2.jpg\" alt=\"\" srcset=\"https:\/\/gruene-emsland-mitte.de\/wp-content\/uploads\/2021\/11\/Hermann-Sievers_DSC_3348-web-scaled2.jpg 600w, https:\/\/gruene-emsland-mitte.de\/wp-content\/uploads\/2021\/11\/Hermann-Sievers_DSC_3348-web-scaled2-400x266.jpg 400w, https:\/\/gruene-emsland-mitte.de\/wp-content\/uploads\/2021\/11\/Hermann-Sievers_DSC_3348-web-scaled2-150x100.jpg 150w\" sizes=\"auto, (max-width: 150px) 100vw, 150px\" \/><\/td><td>Hermann Sievers. Im Meppener Stadtrat seit 2021<br>Ratsvorsitzender<br>Aussch\u00fcsse:<br>Soziales, Jugend, Sport und Senioren, Stadtmarketing, Wirtschaftsf\u00f6rderung <br>und Kultur, Verkehr, Sicherheit und Feuerwehr, Betriebsausschuss<\/td><\/tr><tr><td><img loading=\"lazy\" decoding=\"async\" width=\"150\" height=\"100\" class=\"wp-image-2468\" style=\"width: 150px;\" src=\"https:\/\/gruene-emsland-mitte.de\/wp-content\/uploads\/2022\/11\/Carlo-Sander_DSC_3491-web-scaled.jpg\" alt=\"\" srcset=\"https:\/\/gruene-emsland-mitte.de\/wp-content\/uploads\/2022\/11\/Carlo-Sander_DSC_3491-web-scaled.jpg 2560w, https:\/\/gruene-emsland-mitte.de\/wp-content\/uploads\/2022\/11\/Carlo-Sander_DSC_3491-web-400x266.jpg 400w, https:\/\/gruene-emsland-mitte.de\/wp-content\/uploads\/2022\/11\/Carlo-Sander_DSC_3491-web-800x532.jpg 800w, https:\/\/gruene-emsland-mitte.de\/wp-content\/uploads\/2022\/11\/Carlo-Sander_DSC_3491-web-768x511.jpg 768w, https:\/\/gruene-emsland-mitte.de\/wp-content\/uploads\/2022\/11\/Carlo-Sander_DSC_3491-web-1536x1022.jpg 1536w, https:\/\/gruene-emsland-mitte.de\/wp-content\/uploads\/2022\/11\/Carlo-Sander_DSC_3491-web-2048x1363.jpg 2048w, https:\/\/gruene-emsland-mitte.de\/wp-content\/uploads\/2022\/11\/Carlo-Sander_DSC_3491-web-150x100.jpg 150w\" sizes=\"auto, (max-width: 150px) 100vw, 150px\" \/><\/td><td>Carlo Sander<br><br>Aussch\u00fcsse:<br>Klima und Umweltschutz, Schule und Kita,  Planungs- und Bauausschuss<br><\/td><\/tr><tr><td><img loading=\"lazy\" decoding=\"async\" width=\"150\" height=\"100\" class=\"wp-image-2153\" style=\"width: 150px;\" src=\"https:\/\/gruene-emsland-mitte.de\/wp-content\/uploads\/2021\/11\/Herbert-Luegering_DSC_3418-web-scaled2.jpg\" alt=\"\" srcset=\"https:\/\/gruene-emsland-mitte.de\/wp-content\/uploads\/2021\/11\/Herbert-Luegering_DSC_3418-web-scaled2.jpg 600w, https:\/\/gruene-emsland-mitte.de\/wp-content\/uploads\/2021\/11\/Herbert-Luegering_DSC_3418-web-scaled2-400x266.jpg 400w, https:\/\/gruene-emsland-mitte.de\/wp-content\/uploads\/2021\/11\/Herbert-Luegering_DSC_3418-web-scaled2-150x100.jpg 150w\" sizes=\"auto, (max-width: 150px) 100vw, 150px\" \/><\/td><td>Herbert L\u00fcgering. Im Meppener Stadtrat seit 2011<br><br>Aussch\u00fcsse: <br>Finanzen; Soziales, Jugend, Sport und Senioren; Verkehr, Sicherheit und <br>Feuerwehr; Betriebsausschuss<\/td><\/tr><tr><td><img loading=\"lazy\" decoding=\"async\" width=\"150\" height=\"100\" class=\"wp-image-2158\" style=\"width: 150px;\" src=\"https:\/\/gruene-emsland-mitte.de\/wp-content\/uploads\/2021\/11\/Martina-Markus_DSC_3540-web-scaled-Kopie.jpg\" alt=\"\" srcset=\"https:\/\/gruene-emsland-mitte.de\/wp-content\/uploads\/2021\/11\/Martina-Markus_DSC_3540-web-scaled-Kopie.jpg 600w, https:\/\/gruene-emsland-mitte.de\/wp-content\/uploads\/2021\/11\/Martina-Markus_DSC_3540-web-scaled-Kopie-400x266.jpg 400w, https:\/\/gruene-emsland-mitte.de\/wp-content\/uploads\/2021\/11\/Martina-Markus_DSC_3540-web-scaled-Kopie-150x100.jpg 150w\" sizes=\"auto, (max-width: 150px) 100vw, 150px\" \/><\/td><td>Martina Markus. Im Meppener Stadtrat seit 2021<br><br>Aussch\u00fcsse:<br>Planungs- und Bauausschuss, Finanzen<\/td><\/tr><\/tbody><\/table><figcaption class=\"wp-element-caption\">Weitere Infos: https:\/\/www.meppen.de\/portal\/seiten\/organe-der-stadt-meppen-900000130-24701.html<\/figcaption><\/figure>\n\n\n\n<h2 class=\"wp-block-heading\">Die Gremienbesetzung im Meppener Stadtrat &#8211; November 2021:<\/h2>\n\n\n\n<p><\/p>\n\n\n\n<figure class=\"wp-block-table\"><table><tbody><tr><td>Stellvertretender B\u00fcrgermeister<\/td><td>Martin Tecklenburg<\/td><\/tr><tr><td>Ratsvorsitzender<\/td><td>Hermann Sievers<\/td><\/tr><tr><td>Fraktionsvorsitzender<\/td><td>Martin Tecklenburg<\/td><\/tr><tr><td>Stellvertretende Fraktionsvorsitzende<\/td><td>Regina Sandhaus<\/td><\/tr><tr><td>Verwaltungsausschuss<\/td><td>Martin Tecklenburg<\/td><\/tr><tr><td>Ausschuss f\u00fcr Klima und Umweltschutz<\/td><td>Regina Sandhaus (Vorsitzende)<\/td><\/tr><tr><td><\/td><td>Carlo Sander<\/td><\/tr><tr><td>Planungs- und Bauausschuss<\/td><td>Martina Markus<\/td><\/tr><tr><td><\/td><td>Carlo Sander<\/td><\/tr><tr><td>Ausschuss f\u00fcr Finanzen<\/td><td>Martina Markus<\/td><\/tr><tr><td><\/td><td>Herbert L\u00fcgering<\/td><\/tr><tr><td>Ausschuss f\u00fcr Schule und Kita<\/td><td>Regina Sandhaus<\/td><\/tr><tr><td><\/td><td>Carlo Sander<\/td><\/tr><tr><td>Ausschuss f\u00fcr Soziales, Jugend, Sport und Senioren<\/td><td>Herbert L\u00fcgering<\/td><\/tr><tr><td><\/td><td>Hermann Sievers<\/td><\/tr><tr><td>Ausschuss f\u00fcr Verkehr, Sicherheit und Feuerwehr<\/td><td>Herbert L\u00fcgering<\/td><\/tr><tr><td><\/td><td>Hermann Sievers<\/td><\/tr><tr><td>Ausschuss f\u00fcr Stadtmarketing, Wirtschaftsf\u00f6rderung und Kultur<\/td><td>Hermann Sievers<\/td><\/tr><tr><td><\/td><td>Martin Tecklenburg<\/td><\/tr><tr><td>Betriebsausschuss<\/td><td>Herbert L\u00fcgering<\/td><\/tr><tr><td><\/td><td>Hermann Sievers<\/td><\/tr><\/tbody><\/table><\/figure>\n\n\n\n<p>Archiv: Unsere Kommunalwahl 2021:<a href=\" https:\/\/gruene-emsland-mitte.de\/?p=1950\"> https:\/\/gruene-emsland-mitte.de\/?p=1950<\/a><\/p>\n","protected":false},"excerpt":{"rendered":"<p>Die Gremienbesetzung im Meppener Stadtrat &#8211; November 2021: Stellvertretender B\u00fcrgermeister Martin Tecklenburg Ratsvorsitzender Hermann Sievers Fraktionsvorsitzender Martin Tecklenburg Stellvertretende Fraktionsvorsitzende Regina Sandhaus Verwaltungsausschuss Martin Tecklenburg Ausschuss f\u00fcr Klima und Umweltschutz [&hellip;]<\/p>\n","protected":false},"author":4,"featured_media":0,"parent":0,"menu_order":0,"comment_status":"closed","ping_status":"closed","template":"","meta":{"footnotes":""},"class_list":["post-2176","page","type-page","status-publish","hentry"],"_links":{"self":[{"href":"https:\/\/gruene-emsland-mitte.de\/index.php?rest_route=\/wp\/v2\/pages\/2176","targetHints":{"allow":["GET"]}}],"collection":[{"href":"https:\/\/gruene-emsland-mitte.de\/index.php?rest_route=\/wp\/v2\/pages"}],"about":[{"href":"https:\/\/gruene-emsland-mitte.de\/index.php?rest_route=\/wp\/v2\/types\/page"}],"author":[{"embeddable":true,"href":"https:\/\/gruene-emsland-mitte.de\/index.php?rest_route=\/wp\/v2\/users\/4"}],"replies":[{"embeddable":true,"href":"https:\/\/gruene-emsland-mitte.de\/index.php?rest_route=%2Fwp%2Fv2%2Fcomments&post=2176"}],"version-history":[{"count":3,"href":"https:\/\/gruene-emsland-mitte.de\/index.php?rest_route=\/wp\/v2\/pages\/2176\/revisions"}],"predecessor-version":[{"id":2479,"href":"https:\/\/gruene-emsland-mitte.de\/index.php?rest_route=\/wp\/v2\/pages\/2176\/revisions\/2479"}],"wp:attachment":[{"href":"https:\/\/gruene-emsland-mitte.de\/index.php?rest_route=%2Fwp%2Fv2%2Fmedia&parent=2176"}],"curies":[{"name":"wp","href":"https:\/\/api.w.org\/{rel}","templated":true}]}}

<figure class="wp-block-table"><table><tbody><tr><td><img loading="lazy" decoding="async" width="600" height="399" class="wp-image-2156" style="width: 150px;  min-width:145px" src="https://gruene-emsland-mitte.de/wp-content/uploads/2021/11/Martin-Tecklenburg_DSC_3586-web-scaled2.jpg" alt="" srcset="https://gruene-emsland-mitte.de/wp-content/uploads/2021/11/Martin-Tecklenburg_DSC_3586-web-scaled2.jpg 600w, https://gruene-emsland-mitte.de/wp-content/uploads/2021/11/Martin-Tecklenburg_DSC_3586-web-scaled2-400x266.jpg 400w, https://gruene-emsland-mitte.de/wp-content/uploads/2021/11/Martin-Tecklenburg_DSC_3586-web-scaled2-150x100.jpg 150w" sizes="auto, (max-width: 600px) 100vw, 600px" /></td><td>Martin Tecklenburg. Im Meppener Stadtrat seit 2016<br>Stellvertretender Bürgermeister, Stellvertretender Fraktionsvorsitzender<br>Ausschüsse: <br>Verwaltungsausschuss, Stadtmarketing, Wirtschaftsförderung und Kultur<br></td></tr><tr><td><img loading="lazy" decoding="async" width="150" height="100" class="wp-image-2157" style="width: 150px;" src="https://gruene-emsland-mitte.de/wp-content/uploads/2021/11/Regina-Sandhaus_DSC_3676-web-scaled2.jpg" alt="" srcset="https://gruene-emsland-mitte.de/wp-content/uploads/2021/11/Regina-Sandhaus_DSC_3676-web-scaled2.jpg 600w, https://gruene-emsland-mitte.de/wp-content/uploads/2021/11/Regina-Sandhaus_DSC_3676-web-scaled2-400x266.jpg 400w, https://gruene-emsland-mitte.de/wp-content/uploads/2021/11/Regina-Sandhaus_DSC_3676-web-scaled2-150x100.jpg 150w" sizes="auto, (max-width: 150px) 100vw, 150px" /></td><td>Regina Sandhaus. Im Meppener Stadtrat seit 2021<br>Fraktionsvorsitzende<br>Ausschüsse:<br>Klima und Umweltschutz (Ausschussvorsitzende),Schule und Kita<br></td></tr><tr><td><img loading="lazy" decoding="async" width="150" height="100" class="wp-image-2155" style="width: 150px;" src="https://gruene-emsland-mitte.de/wp-content/uploads/2021/11/Hermann-Sievers_DSC_3348-web-scaled2.jpg" alt="" srcset="https://gruene-emsland-mitte.de/wp-content/uploads/2021/11/Hermann-Sievers_DSC_3348-web-scaled2.jpg 600w, https://gruene-emsland-mitte.de/wp-content/uploads/2021/11/Hermann-Sievers_DSC_3348-web-scaled2-400x266.jpg 400w, https://gruene-emsland-mitte.de/wp-content/uploads/2021/11/Hermann-Sievers_DSC_3348-web-scaled2-150x100.jpg 150w" sizes="auto, (max-width: 150px) 100vw, 150px" /></td><td>Hermann Sievers. Im Meppener Stadtrat seit 2021<br>Ratsvorsitzender<br>Ausschüsse:<br>Soziales, Jugend, Sport und Senioren, Stadtmarketing, Wirtschaftsförderung <br>und Kultur, Verkehr, Sicherheit und Feuerwehr, Betriebsausschuss</td></tr><tr><td><img loading="lazy" decoding="async" width="150" height="100" class="wp-image-2468" style="width: 150px;" src="https://gruene-emsland-mitte.de/wp-content/uploads/2022/11/Carlo-Sander_DSC_3491-web-scaled.jpg" alt="" srcset="https://gruene-emsland-mitte.de/wp-content/uploads/2022/11/Carlo-Sander_DSC_3491-web-scaled.jpg 2560w, https://gruene-emsland-mitte.de/wp-content/uploads/2022/11/Carlo-Sander_DSC_3491-web-400x266.jpg 400w, https://gruene-emsland-mitte.de/wp-content/uploads/2022/11/Carlo-Sander_DSC_3491-web-800x532.jpg 800w, https://gruene-emsland-mitte.de/wp-content/uploads/2022/11/Carlo-Sander_DSC_3491-web-768x511.jpg 768w, https://gruene-emsland-mitte.de/wp-content/uploads/2022/11/Carlo-Sander_DSC_3491-web-1536x1022.jpg 1536w, https://gruene-emsland-mitte.de/wp-content/uploads/2022/11/Carlo-Sander_DSC_3491-web-2048x1363.jpg 2048w, https://gruene-emsland-mitte.de/wp-content/uploads/2022/11/Carlo-Sander_DSC_3491-web-150x100.jpg 150w" sizes="auto, (max-width: 150px) 100vw, 150px" /></td><td>Carlo Sander<br><br>Ausschüsse:<br>Klima und Umweltschutz, Schule und Kita,  Planungs- und Bauausschuss<br></td></tr><tr><td><img loading="lazy" decoding="async" width="150" height="100" class="wp-image-2153" style="width: 150px;" src="https://gruene-emsland-mitte.de/wp-content/uploads/2021/11/Herbert-Luegering_DSC_3418-web-scaled2.jpg" alt="" srcset="https://gruene-emsland-mitte.de/wp-content/uploads/2021/11/Herbert-Luegering_DSC_3418-web-scaled2.jpg 600w, https://gruene-emsland-mitte.de/wp-content/uploads/2021/11/Herbert-Luegering_DSC_3418-web-scaled2-400x266.jpg 400w, https://gruene-emsland-mitte.de/wp-content/uploads/2021/11/Herbert-Luegering_DSC_3418-web-scaled2-150x100.jpg 150w" sizes="auto, (max-width: 150px) 100vw, 150px" /></td><td>Herbert Lügering. Im Meppener Stadtrat seit 2011<br><br>Ausschüsse: <br>Finanzen; Soziales, Jugend, Sport und Senioren; Verkehr, Sicherheit und <br>Feuerwehr; Betriebsausschuss</td></tr><tr><td><img loading="lazy" decoding="async" width="150" height="100" class="wp-image-2158" style="width: 150px;" src="https://gruene-emsland-mitte.de/wp-content/uploads/2021/11/Martina-Markus_DSC_3540-web-scaled-Kopie.jpg" alt="" srcset="https://gruene-emsland-mitte.de/wp-content/uploads/2021/11/Martina-Markus_DSC_3540-web-scaled-Kopie.jpg 600w, https://gruene-emsland-mitte.de/wp-content/uploads/2021/11/Martina-Markus_DSC_3540-web-scaled-Kopie-400x266.jpg 400w, https://gruene-emsland-mitte.de/wp-content/uploads/2021/11/Martina-Markus_DSC_3540-web-scaled-Kopie-150x100.jpg 150w" sizes="auto, (max-width: 150px) 100vw, 150px" /></td><td>Martina Markus. Im Meppener Stadtrat seit 2021<br><br>Ausschüsse:<br>Planungs- und Bauausschuss, Finanzen</td></tr></tbody></table><figcaption class="wp-element-caption">Weitere Infos: https://www.meppen.de/portal/seiten/organe-der-stadt-meppen-900000130-24701.html</figcaption></figure>



<h2 class="wp-block-heading">Die Gremienbesetzung im Meppener Stadtrat &#8211; November 2021:</h2>



<p></p>



<figure class="wp-block-table"><table><tbody><tr><td>Stellvertretender Bürgermeister</td><td>Martin Tecklenburg</td></tr><tr><td>Ratsvorsitzender</td><td>Hermann Sievers</td></tr><tr><td>Fraktionsvorsitzender</td><td>Martin Tecklenburg</td></tr><tr><td>Stellvertretende Fraktionsvorsitzende</td><td>Regina Sandhaus</td></tr><tr><td>Verwaltungsausschuss</td><td>Martin Tecklenburg</td></tr><tr><td>Ausschuss für Klima und Umweltschutz</td><td>Regina Sandhaus (Vorsitzende)</td></tr><tr><td></td><td>Carlo Sander</td></tr><tr><td>Planungs- und Bauausschuss</td><td>Martina Markus</td></tr><tr><td></td><td>Carlo Sander</td></tr><tr><td>Ausschuss für Finanzen</td><td>Martina Markus</td></tr><tr><td></td><td>Herbert Lügering</td></tr><tr><td>Ausschuss für Schule und Kita</td><td>Regina Sandhaus</td></tr><tr><td></td><td>Carlo Sander</td></tr><tr><td>Ausschuss für Soziales, Jugend, Sport und Senioren</td><td>Herbert Lügering</td></tr><tr><td></td><td>Hermann Sievers</td></tr><tr><td>Ausschuss für Verkehr, Sicherheit und Feuerwehr</td><td>Herbert Lügering</td></tr><tr><td></td><td>Hermann Sievers</td></tr><tr><td>Ausschuss für Stadtmarketing, Wirtschaftsförderung und Kultur</td><td>Hermann Sievers</td></tr><tr><td></td><td>Martin Tecklenburg</td></tr><tr><td>Betriebsausschuss</td><td>Herbert Lügering</td></tr><tr><td></td><td>Hermann Sievers</td></tr></tbody></table></figure>



<p>Archiv: Unsere Kommunalwahl 2021:<a href=" https://gruene-emsland-mitte.de/?p=1950"> https://gruene-emsland-mitte.de/?p=1950</a></p>

<p>Die Gremienbesetzung im Meppener Stadtrat &#8211; November 2021: Stellvertretender Bürgermeister Martin Tecklenburg Ratsvorsitzender Hermann Sievers Fraktionsvorsitzender Martin Tecklenburg Stellvertretende Fraktionsvorsitzende Regina Sandhaus Verwaltungsausschuss Martin Tecklenburg Ausschuss für Klima und Umweltschutz [&hellip;]</p>
