{"id":2191,"date":"2021-11-13T16:18:22","date_gmt":"2021-11-13T16:18:22","guid":{"rendered":"https:\/\/gruene-emsland-mitte.de\/?page_id=2191"},"modified":"2021-11-13T16:31:22","modified_gmt":"2021-11-13T16:31:22","slug":"wir-im-stadtrat-haseluenne","status":"publish","type":"page","link":"https:\/\/gruene-emsland-mitte.de\/?page_id=2191","title":{"rendered":"Wir im Stadtrat Hasel\u00fcnne"},"content":{"rendered":"\n<figure class=\"wp-block-table\"><table><tbody><tr><td><img loading=\"lazy\" decoding=\"async\" width=\"600\" height=\"400\" class=\"wp-image-2164\" style=\"width: 150px; min-width:145px\" src=\"https:\/\/gruene-emsland-mitte.de\/wp-content\/uploads\/2021\/11\/Hannaclarawiegmann.jpg\" alt=\"\" srcset=\"https:\/\/gruene-emsland-mitte.de\/wp-content\/uploads\/2021\/11\/Hannaclarawiegmann.jpg 600w, https:\/\/gruene-emsland-mitte.de\/wp-content\/uploads\/2021\/11\/Hannaclarawiegmann-400x267.jpg 400w, https:\/\/gruene-emsland-mitte.de\/wp-content\/uploads\/2021\/11\/Hannaclarawiegmann-150x100.jpg 150w\" sizes=\"auto, (max-width: 600px) 100vw, 600px\" \/><\/td><td>Hanna Clara Wiegmann. Im Hasel\u00fcnner Stadtrat seit 2021<br>Fraktionsvorsitzende<br>Aussch\u00fcsse:<br>Familie und Ehrenamt*<br><em>*)Mandat wurde von der CDU ohne daran ankn\u00fcpfende Bedingungen zur <\/em><br><em>Verf\u00fcgung gestellt<\/em><\/td><\/tr><tr><td><img loading=\"lazy\" decoding=\"async\" width=\"150\" height=\"100\" class=\"wp-image-2163\" style=\"width: 150px;\" src=\"https:\/\/gruene-emsland-mitte.de\/wp-content\/uploads\/2021\/11\/Nicolas-breer.jpg\" alt=\"\" srcset=\"https:\/\/gruene-emsland-mitte.de\/wp-content\/uploads\/2021\/11\/Nicolas-breer.jpg 600w, https:\/\/gruene-emsland-mitte.de\/wp-content\/uploads\/2021\/11\/Nicolas-breer-400x267.jpg 400w, https:\/\/gruene-emsland-mitte.de\/wp-content\/uploads\/2021\/11\/Nicolas-breer-150x100.jpg 150w\" sizes=\"auto, (max-width: 150px) 100vw, 150px\" \/><\/td><td>Nicolas Breer. Im Hasel\u00fcnner Stadtrat seit 2021<br>Mitglied des Nieders\u00e4chsischen Landtages, Kreistagsabgeordneter<br>Aussch\u00fcsse:<br>Schule und Kultur*, Umwelt- und Bauausschuss (Grundmandat), <br>Verwaltungsausschuss (GM) <br><em>*)Mandat wurde von der CDU ohne daran ankn\u00fcpfende Bedingungen zur <\/em><br><em>Verf\u00fcgung gestellt<\/em> <\/td><\/tr><\/tbody><\/table><figcaption class=\"wp-element-caption\">Weitere Infos: https:\/\/www.haseluenne.de\/index.php\/51-rathaus\/rat-und-verwaltung\/409-rat-der-stadt<\/figcaption><\/figure>\n\n\n\n<h2 class=\"wp-block-heading\">Die Gremienbesetzung im Hasel\u00fcnner Stadtrat \u2013 November 2021:<\/h2>\n\n\n\n<figure class=\"wp-block-table\"><table><tbody><tr><td>Fraktionsvorsitzende<\/td><td>Hanna Clara Wiegmann<\/td><\/tr><tr><td>Familie und Ehrenamt*<\/td><td>Hanna Clara Wiegmann <\/td><\/tr><tr><td>Schule und Kultur*<\/td><td>Nicolas Breer<\/td><\/tr><tr><td>Umwelt- und Bauausschuss (Grundmandat)<\/td><td>Nicolas Breer <\/td><\/tr><tr><td>Verwaltungsausschuss (Grundmandat)<\/td><td>Nicolas Breer <\/td><\/tr><tr><td><\/td><td><\/td><\/tr><tr><td>*) <em>Mandat wurde von der CDU ohne daran ankn\u00fcpfende Bedingungen zur <\/em><br><em>Verf\u00fcgung gestellt<\/em>  <\/td><td><\/td><\/tr><\/tbody><\/table><\/figure>\n\n\n\n<p><\/p>\n\n\n\n<p>Archiv: Unsere Kommunalwahl 2021: <a href=\"https:\/\/gruene-emsland-mitte.de\/?p=1944\">https:\/\/gruene-emsland-mitte.de\/?p=1944<\/a><\/p>\n","protected":false},"excerpt":{"rendered":"<p>Die Gremienbesetzung im Hasel\u00fcnner Stadtrat \u2013 November 2021: Fraktionsvorsitzende Hanna Clara Wiegmann Familie und Ehrenamt* Hanna Clara Wiegmann Schule und Kultur* Nicolas Breer Umwelt- und Bauausschuss (Grundmandat) Nicolas Breer Verwaltungsausschuss [&hellip;]<\/p>\n","protected":false},"author":4,"featured_media":0,"parent":0,"menu_order":0,"comment_status":"closed","ping_status":"closed","template":"","meta":{"footnotes":""},"class_list":["post-2191","page","type-page","status-publish","hentry"],"_links":{"self":[{"href":"https:\/\/gruene-emsland-mitte.de\/index.php?rest_route=\/wp\/v2\/pages\/2191","targetHints":{"allow":["GET"]}}],"collection":[{"href":"https:\/\/gruene-emsland-mitte.de\/index.php?rest_route=\/wp\/v2\/pages"}],"about":[{"href":"https:\/\/gruene-emsland-mitte.de\/index.php?rest_route=\/wp\/v2\/types\/page"}],"author":[{"embeddable":true,"href":"https:\/\/gruene-emsland-mitte.de\/index.php?rest_route=\/wp\/v2\/users\/4"}],"replies":[{"embeddable":true,"href":"https:\/\/gruene-emsland-mitte.de\/index.php?rest_route=%2Fwp%2Fv2%2Fcomments&post=2191"}],"version-history":[{"count":2,"href":"https:\/\/gruene-emsland-mitte.de\/index.php?rest_route=\/wp\/v2\/pages\/2191\/revisions"}],"predecessor-version":[{"id":2206,"href":"https:\/\/gruene-emsland-mitte.de\/index.php?rest_route=\/wp\/v2\/pages\/2191\/revisions\/2206"}],"wp:attachment":[{"href":"https:\/\/gruene-emsland-mitte.de\/index.php?rest_route=%2Fwp%2Fv2%2Fmedia&parent=2191"}],"curies":[{"name":"wp","href":"https:\/\/api.w.org\/{rel}","templated":true}]}}