{"id":2195,"date":"2021-11-13T16:21:55","date_gmt":"2021-11-13T16:21:55","guid":{"rendered":"https:\/\/gruene-emsland-mitte.de\/?page_id=2195"},"modified":"2021-11-13T16:29:03","modified_gmt":"2021-11-13T16:29:03","slug":"wir-im-samtegemeinderat-herzlake-und-im-gemeinderat-laehden","status":"publish","type":"page","link":"https:\/\/gruene-emsland-mitte.de\/?page_id=2195","title":{"rendered":"Wir im Samtegemeinderat Herzlake und im Gemeinderat L\u00e4hden"},"content":{"rendered":"\n<figure class=\"wp-block-table\"><table><tbody><tr><td><img loading=\"lazy\" decoding=\"async\" width=\"600\" height=\"400\" class=\"wp-image-2162\" style=\"width: 150px; min-width:145px\" src=\"https:\/\/gruene-emsland-mitte.de\/wp-content\/uploads\/2021\/11\/dagmaruntiedt2.jpg\" alt=\"\" srcset=\"https:\/\/gruene-emsland-mitte.de\/wp-content\/uploads\/2021\/11\/dagmaruntiedt2.jpg 600w, https:\/\/gruene-emsland-mitte.de\/wp-content\/uploads\/2021\/11\/dagmaruntiedt2-400x267.jpg 400w, https:\/\/gruene-emsland-mitte.de\/wp-content\/uploads\/2021\/11\/dagmaruntiedt2-150x100.jpg 150w\" sizes=\"auto, (max-width: 600px) 100vw, 600px\" \/><\/td><td>Dagmar Untiedt. In den R\u00e4ten der Samtgemeinde Herzlake und Gemeinde L\u00e4hden seit 2021<br>Aussch\u00fcsse:<br>F\u00fcr Herzlake: Vorsitzende des Kultur und Tourismus-Ausschusses; Stellvertretende im <br>Schulausschuss; Trink- und Abwasserverband (TAV) Bourtanger Moor<br><em>*) die Gr\u00fcnen in Herzlake haben eine Ratsgruppe mit der SPD gebildet.<\/em><\/td><\/tr><\/tbody><\/table><figcaption>Weitere Infos: https:\/\/www.herzlake.de\/Gemeindeportal\/Rat-und-Politik\/Ausschuesse.htm<\/figcaption><\/figure>\n\n\n\n<p>Archiv: Unsere Kommunalwahl 2021: https:\/\/gruene-<a href=\"https:\/\/gruene-emsland-mitte.de\/?p=1927\">emsland-mitte.de\/?p=1927<\/a><\/p>\n","protected":false},"excerpt":{"rendered":"<p>Archiv: Unsere Kommunalwahl 2021: https:\/\/gruene-emsland-mitte.de\/?p=1927<\/p>\n","protected":false},"author":4,"featured_media":0,"parent":0,"menu_order":0,"comment_status":"closed","ping_status":"closed","template":"","meta":{"footnotes":""},"class_list":["post-2195","page","type-page","status-publish","hentry"],"_links":{"self":[{"href":"https:\/\/gruene-emsland-mitte.de\/index.php?rest_route=\/wp\/v2\/pages\/2195","targetHints":{"allow":["GET"]}}],"collection":[{"href":"https:\/\/gruene-emsland-mitte.de\/index.php?rest_route=\/wp\/v2\/pages"}],"about":[{"href":"https:\/\/gruene-emsland-mitte.de\/index.php?rest_route=\/wp\/v2\/types\/page"}],"author":[{"embeddable":true,"href":"https:\/\/gruene-emsland-mitte.de\/index.php?rest_route=\/wp\/v2\/users\/4"}],"replies":[{"embeddable":true,"href":"https:\/\/gruene-emsland-mitte.de\/index.php?rest_route=%2Fwp%2Fv2%2Fcomments&post=2195"}],"version-history":[{"count":3,"href":"https:\/\/gruene-emsland-mitte.de\/index.php?rest_route=\/wp\/v2\/pages\/2195\/revisions"}],"predecessor-version":[{"id":2203,"href":"https:\/\/gruene-emsland-mitte.de\/index.php?rest_route=\/wp\/v2\/pages\/2195\/revisions\/2203"}],"wp:attachment":[{"href":"https:\/\/gruene-emsland-mitte.de\/index.php?rest_route=%2Fwp%2Fv2%2Fmedia&parent=2195"}],"curies":[{"name":"wp","href":"https:\/\/api.w.org\/{rel}","templated":true}]}}