{"id":46,"date":"2012-03-13T19:06:53","date_gmt":"2012-03-13T19:06:53","guid":{"rendered":"http:\/\/die-gruenen-meppen.de\/?page_id=46"},"modified":"2026-04-20T12:27:03","modified_gmt":"2026-04-20T12:27:03","slug":"kontakt","status":"publish","type":"page","link":"https:\/\/gruene-emsland-mitte.de\/?page_id=46","title":{"rendered":"Wir \u00fcber uns."},"content":{"rendered":"\n<p class=\"has-medium-font-size\"><br>Wir sind der Ortsverein B\u00fcndnis 90 \/ Die Gr\u00fcnen Emsland Mitte.<br><br>Unser Verein koordiniert und umfasst die politische Arbeit der Gr\u00fcnen auf kommunaler Ebene f\u00fcr die Orte:<br>Meppen, Hasel\u00fcnne, Haren, Geeste, Herzlake  und Twist.<br><\/p>\n\n\n<h1>Kontakt zu uns!<\/h1>\n<\/p>\n\n\n<p class=\"has-medium-font-size\">Du suchst den direkten Draht zu unserer Partei? M\u00f6chtest mit uns \u00fcber Inhalte diskutieren oder ben\u00f6tigst Informationen zu unserem Handeln?<\/p>\n\n\n\n<h4 class=\"wp-block-heading has-medium-font-size\">Unser Vorstand:<\/h4>\n\n\n\n<p><br>Sandra Basenius (Sprecherin Vorstand) <\/p>\n\n\n\n<p>Sophie Koopmann (Sprecherin Vorstand)<\/p>\n\n\n\n<p>Martina Markus (Schatzmeisterin)<\/p>\n\n\n\n<p><br>Beisitzer*innen:<br>Mimi van de Kreeke<br>Frauke van Kampen<br>Lisa Olliges<br><br>E-Mail: vorstand(at)gruene-emsland-mitte.de<br><\/p>\n\n\n\n<p><em>Da immer wieder nach einer Kontaktm\u00f6glichkeit unseres Landtagsabgeordneten Nicolas M\u00fclbrecht Breer gefragt wird, diesen erreicht ihr \u00fcber die Postanschrift: <br>Nieders\u00e4chsischer Landtag<br>z.Hd. Herrn Nicolas M\u00fclbrecht Breer<br>Hannah-Arendt-Platz 1<br>30159 Hannover<\/em><\/p>\n\n\n\n<p><\/p>\n\n\n\n<p class=\"has-medium-font-size\">Du m\u00f6chtest politisch aktiv werden? Etwas in Meppen, Twist, Herzlake, Hasel\u00fcnne, Haren, Geeste und dar\u00fcber hinaus bewegen? Dann hilft dir unser Team f\u00fcr die Mitgliederbetreuung. Es gibt dir die Antworten auf deine Fragen.<\/p>\n\n\n\n<div class=\"wp-block-media-text alignwide\"><figure class=\"wp-block-media-text__media\"><img loading=\"lazy\" decoding=\"async\" width=\"640\" height=\"320\" src=\"https:\/\/gruene-emsland-mitte.de\/wp-content\/uploads\/2020\/01\/members-42919_640.png\" alt=\"\" class=\"wp-image-1354 size-full\" srcset=\"https:\/\/gruene-emsland-mitte.de\/wp-content\/uploads\/2020\/01\/members-42919_640.png 640w, https:\/\/gruene-emsland-mitte.de\/wp-content\/uploads\/2020\/01\/members-42919_640-400x200.png 400w, https:\/\/gruene-emsland-mitte.de\/wp-content\/uploads\/2020\/01\/members-42919_640-150x75.png 150w\" sizes=\"auto, (max-width: 640px) 100vw, 640px\" \/><\/figure><div class=\"wp-block-media-text__content\">\n<h4 class=\"wp-block-heading has-medium-font-size\">Team Mitgliederbetreuung<\/h4>\n\n\n\n<p class=\"has-medium-font-size\">E-Mail: <br>mitglieder(at)gruene-emsland-mitte.de<\/p>\n<\/div><\/div>\n\n\n\n<p><br><br>Der Vorstand &#8211; seit dem 15.04.2026:<\/p>\n\n\n\n<div class=\"wp-block-columns is-layout-flex wp-container-core-columns-is-layout-9d6595d7 wp-block-columns-is-layout-flex\">\n<div class=\"wp-block-column is-layout-flow wp-block-column-is-layout-flow\" style=\"flex-basis:100%\">\n<div class=\"wp-block-columns is-layout-flex wp-container-core-columns-is-layout-9d6595d7 wp-block-columns-is-layout-flex\">\n<div class=\"wp-block-column is-layout-flow wp-block-column-is-layout-flow\" style=\"flex-basis:100%\">\n<figure class=\"wp-block-table\"><table><tbody><tr><td><\/td><td>Sandra Basenius<br>Vorstand Sprecherin B\u00fcndnis 90\/Die Gr\u00fcnen Emsland Mitte<\/td><\/tr><tr><td><\/td><td>Sophie Koopmann<br>Vorstand Sprecherin B\u00fcndnis 90\/Die Gr\u00fcnen Emsland Mitte<\/td><\/tr><tr><td><\/td><td>Martina Markus<br>Vorstand Schatzmeisterin B\u00fcndnis 90\/Die Gr\u00fcnen Emsland Mitte<\/td><\/tr><tr><td><\/td><td>Lisa Olliges<br>Vorstand Beisitzerin B\u00fcndnis 90\/Die Gr\u00fcnen Emsland Mitte<\/td><\/tr><tr><td><\/td><td>Frauke van Kampen<br>Vorstand Beisitzerin B\u00fcndnis 90\/Die Gr\u00fcnen Emsland Mitte<\/td><\/tr><tr><td><\/td><td>Mimi van de Kreeke<br>Vorstand Beisitzerin B\u00fcndnis 90\/Die Gr\u00fcnen Emsland Mitte<\/td><\/tr><tr><td><\/td><td> <\/td><\/tr><\/tbody><\/table><figcaption class=\"wp-element-caption\">Den Vorstand erreichen Sie via Email unter: <a href=\"#\" data-unscramble=\"ed.ettim-dnalsme-eneurg@dnatsrov\">vorstand@gruene-emsland-mitte.de<\/a><\/figcaption><\/figure>\n<\/div>\n<\/div>\n<\/div>\n<\/div>\n\n\n","protected":false},"excerpt":{"rendered":"<p>Wir sind der Ortsverein B\u00fcndnis 90 \/ Die Gr\u00fcnen Emsland Mitte. Unser Verein koordiniert und umfasst die politische Arbeit der Gr\u00fcnen auf kommunaler Ebene f\u00fcr die Orte:Meppen, Hasel\u00fcnne, Haren, Geeste, [&hellip;]<\/p>\n","protected":false},"author":4,"featured_media":3042,"parent":0,"menu_order":0,"comment_status":"closed","ping_status":"open","template":"","meta":{"footnotes":""},"class_list":["post-46","page","type-page","status-publish","has-post-thumbnail","hentry"],"_links":{"self":[{"href":"https:\/\/gruene-emsland-mitte.de\/index.php?rest_route=\/wp\/v2\/pages\/46","targetHints":{"allow":["GET"]}}],"collection":[{"href":"https:\/\/gruene-emsland-mitte.de\/index.php?rest_route=\/wp\/v2\/pages"}],"about":[{"href":"https:\/\/gruene-emsland-mitte.de\/index.php?rest_route=\/wp\/v2\/types\/page"}],"author":[{"embeddable":true,"href":"https:\/\/gruene-emsland-mitte.de\/index.php?rest_route=\/wp\/v2\/users\/4"}],"replies":[{"embeddable":true,"href":"https:\/\/gruene-emsland-mitte.de\/index.php?rest_route=%2Fwp%2Fv2%2Fcomments&post=46"}],"version-history":[{"count":42,"href":"https:\/\/gruene-emsland-mitte.de\/index.php?rest_route=\/wp\/v2\/pages\/46\/revisions"}],"predecessor-version":[{"id":3046,"href":"https:\/\/gruene-emsland-mitte.de\/index.php?rest_route=\/wp\/v2\/pages\/46\/revisions\/3046"}],"wp:featuredmedia":[{"embeddable":true,"href":"https:\/\/gruene-emsland-mitte.de\/index.php?rest_route=\/wp\/v2\/media\/3042"}],"wp:attachment":[{"href":"https:\/\/gruene-emsland-mitte.de\/index.php?rest_route=%2Fwp%2Fv2%2Fmedia&parent=46"}],"curies":[{"name":"wp","href":"https:\/\/api.w.org\/{rel}","templated":true}]}}