{"id":55,"date":"2012-01-13T19:12:25","date_gmt":"2012-01-13T19:12:25","guid":{"rendered":"http:\/\/die-gruenen-meppen.de\/?page_id=55"},"modified":"2026-02-10T16:02:21","modified_gmt":"2026-02-10T16:02:21","slug":"impressum","status":"publish","type":"page","link":"https:\/\/gruene-emsland-mitte.de\/?page_id=55","title":{"rendered":"Impressum"},"content":{"rendered":"\n<h2 class=\"wp-block-heading\">Angaben gem\u00e4\u00df \u00a7 5 TMG<\/h2>\n\n\n\n<p><strong>B\u00fcndnis 90\/Die Gr\u00fcnen Ortsverband Emsland &#8211; Mitte<\/strong><br><br>Postadresse:<br><br>B\u00dcNDNIS 90\/DIE GR\u00dcNEN Kreisverband Emsland<br>c\/o B90\/DIE GR\u00dcNEN Ortsverband Emsland Mitte<br>Karolinenstra\u00dfe 3<br>49808 Lingen<\/p>\n\n\n\n<p><strong>Vertreten durch den gesch\u00e4ftsf\u00fchrenden Vorstand:<\/strong><br>Sandra Basenius und Lisa Olliges (Sprecherinnen Vorstand) <br>Johannes Kleene (Schatzmeister)<\/p>\n\n\n\n<h2 class=\"wp-block-heading\">Kontakt<\/h2>\n\n\n\n<p>Telefon: +49 1512 9834809<br>E-Mail: vorstand@gruene-emsland-mitte.de<\/p>\n\n\n\n<h2 class=\"wp-block-heading\">Redaktionell verantwortlich<\/h2>\n\n\n\n<p>Sandra Basenius<br>E-Mail: vorstand@gruene-emsland-mitte.de<\/p>\n\n\n\n<h2 class=\"wp-block-heading\">Verbraucher\u00adstreit\u00adbeilegung\/Universal\u00adschlichtungs\u00adstelle<\/h2>\n\n\n\n<p>Wir sind nicht bereit oder verpflichtet, an Streitbeilegungsverfahren vor einer Verbraucherschlichtungsstelle teilzunehmen.<\/p>\n","protected":false},"excerpt":{"rendered":"<p>Angaben gem\u00e4\u00df \u00a7 5 TMG B\u00fcndnis 90\/Die Gr\u00fcnen Ortsverband Emsland &#8211; Mitte Postadresse: B\u00dcNDNIS 90\/DIE GR\u00dcNEN Kreisverband Emslandc\/o B90\/DIE GR\u00dcNEN Ortsverband Emsland MitteKarolinenstra\u00dfe 349808 Lingen Vertreten durch den gesch\u00e4ftsf\u00fchrenden Vorstand:Sandra [&hellip;]<\/p>\n","protected":false},"author":1,"featured_media":0,"parent":0,"menu_order":0,"comment_status":"closed","ping_status":"open","template":"","meta":{"footnotes":""},"class_list":["post-55","page","type-page","status-publish","hentry"],"_links":{"self":[{"href":"https:\/\/gruene-emsland-mitte.de\/index.php?rest_route=\/wp\/v2\/pages\/55","targetHints":{"allow":["GET"]}}],"collection":[{"href":"https:\/\/gruene-emsland-mitte.de\/index.php?rest_route=\/wp\/v2\/pages"}],"about":[{"href":"https:\/\/gruene-emsland-mitte.de\/index.php?rest_route=\/wp\/v2\/types\/page"}],"author":[{"embeddable":true,"href":"https:\/\/gruene-emsland-mitte.de\/index.php?rest_route=\/wp\/v2\/users\/1"}],"replies":[{"embeddable":true,"href":"https:\/\/gruene-emsland-mitte.de\/index.php?rest_route=%2Fwp%2Fv2%2Fcomments&post=55"}],"version-history":[{"count":19,"href":"https:\/\/gruene-emsland-mitte.de\/index.php?rest_route=\/wp\/v2\/pages\/55\/revisions"}],"predecessor-version":[{"id":3016,"href":"https:\/\/gruene-emsland-mitte.de\/index.php?rest_route=\/wp\/v2\/pages\/55\/revisions\/3016"}],"wp:attachment":[{"href":"https:\/\/gruene-emsland-mitte.de\/index.php?rest_route=%2Fwp%2Fv2%2Fmedia&parent=55"}],"curies":[{"name":"wp","href":"https:\/\/api.w.org\/{rel}","templated":true}]}}